m + 2. What is q(2)?
0
Let d(z) = 3*z - 6. What is d(1)?
-3
Let s(g) = 4*g - 150. Give s(43).
22
Let r(k) = 3*k**3 - 2*k**2 - k + 3. Calculate r(2).
17
Let u(s) = s**3 - 49*s**2 - 97*s - 267. What is u(51)?
-12
Let t(q) = -64*q - 1. Determine t(1).
-65
Let n(g) = -g**3 + 3*g**2 + 4*g - 6. What is n(4)?
-6
Let n(d) = d**3 + 43*d**2 + 44*d + 90. Determine n(-42).
6
Let m(b) = -5*b + 2. Determine m(7).
-33
Let b(d) = 29*d**3 + 2*d**2 - 2*d + 1. Give b(1).
30
Let k(i) = i**3 - 9*i**2 - 5*i + 109. Determine k(8).
5
Let g(t) = -2*t + 27. What is g(11)?
5
Let m(v) = 9*v + 3. Calculate m(1).
12
Let i(v) = -4*v**3 + 20*v**2 + 2*v - 17. Give i(5).
-7
Let r(j) = 9*j**2 + 3*j - 1. What is r(1)?
11
Let r(f) = 3*f + 3. Determine r(-1).
0
Let o(p) = -p**2 - 5*p + 13. Calculate o(-8).
-11
Let i(m) = -6*m + 58. Determine i(5).
28
Let o(m) = 2*m**2 - 8*m + 4. Give o(4).
4
Let k(t) = 5*t - 67. Give k(13).
-2
Let q(w) = -w**2 - 12*w - 20. What is q(-9)?
7
Let p(l) = -20*l - 215. What is p(-10)?
-15
Let f(h) = -2*h + 4. Determine f(-2).
8
Let a(m) = -m**2 + 14*m + 5. Give a(15).
-10
Let z(u) = -u**2 + 4*u + 4. Calculate z(4).
4
Let a(w) = -10*w + 5. Give a(5).
-45
Let w(o) = -o + 10. Calculate w(12).
-2
Let n(m) = m**3 - 8*m**2 + 6*m - 6. What is n(3)?
-33
Let k(f) = -f**3 - 9*f**2 - 10*f - 4. What is k(-8)?
12
Let r(i) = -i**3 + 8*i**2 - 3*i - 12. Give r(6).
42
Let o(i) = i - 2. Determine o(0).
-2
Let g(r) = r**2 - 22*r - 64. Give g(-3).
11
Let g(p) = p**2 - 9*p + 5. Determine g(7).
-9
Let m(k) = k**2 - 8*k. Calculate m(5).
-15
Let l(w) = -w + 28. What is l(0)?
28
Let d(x) = 2*x**3 + 9*x**2 + 4*x - 4. Give d(-4).
-4
Let p(f) = 13*f - 76. Give p(4).
-24
Let s(v) = -v**3 + 9*v**2 + 7*v + 24. Determine s(10).
-6
Let i(o) = -o**3 + 7*o**2 - 6*o + 15. Calculate i(8).
-97
Let g(y) = y**3 + 30*y**2 + 28*y - 8. Determine g(-29).
21
Let g(k) = k**2 + 8*k + 12. Determine g(-2).
0
Let f(w) = -w**2 + 13*w - 44. What is f(8)?
-4
Let p(o) = -o**2 - 3*o + 17. What is p(-7)?
-11
Let u(g) = -g**3 + 12*g**2 - 16*g - 19. Give u(10).
21
Let a(r) = -2*r**2 - 17*r - 67. Give a(-5).
-32
Let k(f) = f**3 + 9*f**2 + 8*f + 11. Determine k(-8).
11
Let g(a) = 7*a - 32. Determine g(6).
10
Let c(s) = 3*s**3 + 12*s**2 + s + 1. What is c(-3)?
25
Let t(a) = -a**3 + a - 24. Determine t(0).
-24
Let b(z) = 2*z - 31. Give b(16).
1
Let w(r) = -r**2 - 5*r + 3. Determine w(-5).
3
Let m(o) = 28*o**2 + 8*o + 8. Calculate m(-1).
28
Let i(w) = -w**3 - 7*w**2 - 4*w - 22. Calculate i(-7).
6
Let i(h) = -h**3 + 9*h**2 + 23*h - 1. Determine i(11).
10
Let w(q) = 2*q**2 + 24*q + 15. Calculate w(-11).
-7
Let d(a) = a**3 - 21*a**2 + 20*a - 40. Calculate d(20).
-40
Let m(a) = -5*a - 61. Determine m(-11).
-6
Let u(k) = k**3 + 20*k**2 + 21*k + 6. What is u(-19)?
-32
Let g(f) = 4*f + 64. Give g(-15).
4
Let x(t) = t**2 + 13*t + 29. Calculate x(-8).
-11
Let j(r) = -r**3 + 6*r**2 - 4*r + 6. Calculate j(5).
11
Let s(n) = 2*n**2 - 2*n + 12. Give s(4).
36
Let p(t) = -2*t**2 + 3*t + 24. What is p(-5)?
-41
Let k(r) = -14*r + 25. Calculate k(7).
-73
Let x(l) = -l - 1. Give x(1).
-2
Let t(r) = -r**3 + 15*r**2 + 7*r - 16. Calculate t(15).
89
Let d(h) = 15*h + 25. Calculate d(-10).
-125
Let r(f) = 6*f**2 - 2. What is r(1)?
4
Let b(o) = -o**2 + 11*o - 9. Calculate b(7).
19
Let r(m) = -m**3 - 6*m**2 + 4*m - 27. Determine r(-7).
-6
Let w(y) = -y**3 + y**2 - y - 1. Calculate w(3).
-22
Let r(f) = 65*f - 2. Determine r(1).
63
Let v(l) = -11*l**2 + 3*l + 10. Give v(-3).
-98
Let z(t) = t**2 + 8*t. What is z(-6)?
-12
Let i(o) = -2*o + 11. What is i(8)?
-5
Let l(q) = -2*q**2 - 43*q - 215. Give l(-8).
1
Let z(r) = 4*r - 8. Calculate z(-4).
-24
Let w(p) = p - 16. Calculate w(-7).
-23
Let p(v) = 53*v - 365. What is p(7)?
6
Let z(k) = 10*k - 117. Determine z(11).
-7
Let t(f) = 16*f - 7. Determine t(-3).
-55
Let j(d) = 22*d - 83. Calculate j(4).
5
Let x(r) = r**3 - 6*r**2 - 10*r + 10. Determine x(7).
-11
Let a(n) = n**3 - 19*n**2 + 20*n - 8. Give a(18).
28
Let x(y) = -5*y + 1. Calculate x(-8).
41
Let d(k) = -2*k - 3. What is d(-4)?
5
Let u(q) = q**3 - 9*q**2 + q - 3. What is u(9)?
6
Let c(t) = t**2 + 11*t - 128. Give c(7).
-2
Let a(r) = -63*r + 24. Calculate a(2).
-102
Let y(u) = u - 11. Determine y(-6).
-17
Let n(h) = -9*h - 28. Give n(-4).
8
Let t(a) = -a**3 - 26*a**2 + 56*a - 19. Calculate t(-28).
-19
Let w(q) = -q**3 - 27*q**2 + 24*q - 118. Calculate w(-28).
-6
Let a(z) = -z + 2. Give a(-1).
3
Let r(f) = f**2 - 4*f - 8. What is r(-4)?
24
Let n(f) = 12*f - 52. Calculate n(5).
8
Let c(a) = -a**3 - 15*a**2 + 20. Calculate c(-15).
20
Let o(k) = k**2 - 63*k - 340. Calculate o(-5).
0
Let q(r) = -7*r**2 - 13*r - 13. Calculate q(-1).
-7
Let p(g) = -g**3 - g**2 + 8*g + 3. Calculate p(-3).
-3
Let h(c) = 7*c - 14. Calculate h(6).
28
Let y(f) = f**3 - 3*f**2 + 3*f - 5. What is y(3)?
4
Let n(v) = -v**2 - 13*v - 15. What is n(-11)?
7
Let l(g) = g + 5. Give l(-1).
4
Let h(z) = -z**3 + 6*z**2 + z - 6. Determine h(6).
0
Let n(h) = h**3 - 3*h**2 - h. Determine n(-2).
-18
Let n(s) = -2*s**2 + 4*s + 1. Give n(0).
1
Let x(w) = 2*w**3 + 9*w**2 - 18*w - 1. Determine x(-6).
-1
Let d(v) = -v**2 - 20*v + 352. Calculate d(-31).
11
Let p(n) = n**2 - 20*n + 99. What is p(7)?
8
Let s(r) = -3*r + 41. Determine s(15).
-4
Let r(u) = u**2 + 9*u - 7. What is r(-12)?
29
Let c(z) = 8*z - 49. Give c(5).
-9
Let w(q) = -q**2 + 11*q - 27. Calculate w(9).
-9
Let s(c) = 5*c. Give s(3).
15
Let f(w) = -2*w + 1. Calculate f(-7).
15
Let m(g) = -g**3 + 5*g**2 + 5*g - 6. Determine m(5).
19
Let w(j) = -j**3 - 6*j**2 + 5*j - 6. Determine w(-6).
-36
Let d(a) = -17*a**3 + a**2 + 2*a - 2. What is d(1)?
-16
Let y(i) = -19*i - 4. Determine y(-2).
34
Let x(y) = 49*y - 1333. Calculate x(27).
-10
Let w(x) = 4*x**3 - 17*x**2 - 16*x + 2. Calculate w(5).
-3
Let p(x) = -2*x - 1. What is p(0)?
-1
Let n(o) = -o**2 + 8*o + 21. Calculate n(12).
-27
Let w(l) = -l**2 + 2*l + 95. Determine w(0).
95
Let y(q) = 7*q**3 + 3*q**2 + 5*q + 3. Determine y(-2).
-51
Let w(x) = 2*x**3 - x**2 + x - 3. Give w(3).
45
Let a(l) = -10*l + 4. Give a(-4).
44
Let j(l) = -l**3 + 12*l**2 - l + 6. Give j(12).
-6
Let t(l) = -3*l + 28. What is t(11)?
-5
Let d(f) = -f**3 + f**2 + f + 3. Determine d(3).
-12
Let j(u) = -u - 13. Determine j(-12).
-1
Let s(y) = -y**2 + 2*y + 39. Determine s(8).
-9
Let q(w) = -24*w**3 + 2*w**2 - 2*w + 1. Calculate q(1).
-23
Let p(j) = -j - 17. Calculate p(-9).
-8
Let v(w) = -w**3 - 7*w**2 - 11*w - 10. Calculate v(-5).
-5
Let z(v) = 2*v**2 + 11*v - 10. Determine z(4).
66
Let j(t) = -t**2 - 19*t + 17. Calculate j(-21).
-25
Let x(z) = -2*z**3 + 2*z**2 + 4*z. Give x(3).
-24
Let f(i) = -i**3 + 6*i**2 - 2*i + 5. Determine f(6).
-7
Let z(w) = -6*w - 45. Give z(-9).
9
Let j(o) = 4*o - 21. What is j(6)?
3
Let i(g) = g**3 - 3*g - 3. Calculate i(3).
15
Let y(p) = -p**3 + 9*p**2 + 14*p + 11. Determine y(10).
51
Let z(w) = 2*w**3 - 5*w**2 - 4*w - 6. Give z(3).
-9
Let g(o) = -o**3 - 5*o**2 + o - 2. Calculate g(-4).
-22
Let t(x) = -3*x**3 - 4*x**2 + 4*x - 3. What is t(2)?
-35
Let t(r) = -r**3 + 6*r**2 - 8*r + 11. What is t(5)?
-4
Let g(y) = y - 4. Determine g(-7).
-11
Let b(g) = 3*g**3 - 7*g**2 + 2*g + 8. What is b(4)?
96
Let x(h) = h**3 + 16*h**2 - 40*h - 69. Give x(-18).
3
Let q(f) = -70*f + 136. What is q(2)?
-4
Let j(s) = s**3 - 7*s**2 + 11*s - 5. What is j(5)?
0
Let m(h) = 2*h**2 - 24*h - 19. Give m(13).
7
Let j(p) = p**2 - 18*p + 25. What is j(18)?
25
Let a(r) = 13*r**2 - r - 4. Give a(2).
46
Let x(j) = -3*j + 17. What is x(10)?
-13
Let w(q) = -6*q**3 - q - 2. Give w(-1).
5
Let x(g) = -8*g**3 - 2*g - 1. Determine x(-1).
9
Let p(h) = -h**2 + 4*h - 12. Calculate p(4).
-12
Let z(w) = -w**2 - 7*w - 8. What is z(7)?
-106
Let n(d) = -d**3 + d**2 + 4*d + 8. Determine n(0).
8
Let d(z) = z**3 + 10*z**2 + 10*z + 1. Give d(-9).
-8
Let g(h) = 48*h**3 - 2*h**2 - 2*h - 2. What is g(-1)?
-50
Let o(w) = -2*w**3 + w**2 + 11*w - 5. Give o(-3).
25
Let p(l) = 6*l - 74. Calculate p(11).
-8
Let n(m) = -12*m + 43. What is n(5)?
-17
Let n(j) = j**3 + 10*j**2 + 3*j + 5. Calculate n(-10).
-25
Let i(p) = -12*p**3 + 3*p**2 - p - 1. Give i(1).
-11
Let c(w) = -3*w + 10. Calculate c(-6).
28
Let v(y) = -5*y + 39. What is v(7)?
4
Let r(o) = -o**3 + 4*o**2 - 3*o - 1. What is r(3)?
-1
Let m(n) = n**3 - 10*n**2 - 3. Determine m(10).
-3
Let f(a) = 